{"id":159,"date":"2018-03-01T17:17:08","date_gmt":"2018-03-01T17:17:08","guid":{"rendered":"http:\/\/www.saklub-idrija.si\/?page_id=159"},"modified":"2021-02-17T12:49:01","modified_gmt":"2021-02-17T12:49:01","slug":"galerija","status":"publish","type":"page","link":"http:\/\/www.saklub-idrija.si\/?page_id=159","title":{"rendered":"GALERIJA"},"content":{"rendered":"<p><a href=\"https:\/\/mojalbum.com\/didl\/last-dance\">Slovo Subaruju<\/a><\/p>\n<p><a href=\"https:\/\/mojalbum.com\/didl\/sankanje-roro-finale-2019-edlbach\" rel=\"noopener noreferrer\">Finale RoRo Edlbach 2019<\/a><\/p>\n<p><a href=\"https:\/\/mojalbum.com\/didl\/sankanje-sp-in-dp-roro-2019\" rel=\"noopener noreferrer\">Svetovno in dr\u017eavno prvenstvo 2019<\/a><\/p>\n<p><a href=\"https:\/\/mojalbum.com\/didl\/sankanje-roro-2019-imsterberg\">Imsterberg RoRo 2019<\/a><\/p>\n<p><a href=\"https:\/\/mojalbum.com\/didl\/sankanje-cro-gp-2019-mrkopalj-hr\" rel=\"noopener noreferrer\">Croatia Grand Prix 2019<\/a><\/p>\n<p><a href=\"https:\/\/mojalbum.com\/didl\/sankanje-croatia-open-2019\" rel=\"noopener noreferrer\">Croatia Open 2019<\/a><\/p>\n<p><a href=\"https:\/\/mojalbum.com\/didl\/sankanje-memorial-jesenice-2019\" target=\"_blank\" rel=\"noopener noreferrer\">Jeseni\u0161ki Memorial 2019<\/a><\/p>\n<p><a href=\"https:\/\/mojalbum.com\/didl\/sankanje-drzavno-prvenstvo-slovenije-2019\" target=\"_blank\" rel=\"noopener noreferrer\">Dr\u017eavno prvenstvo 2019<\/a><\/p>\n<p><a href=\"https:\/\/mojalbum.com\/didl\/sankanje-pokal-mesta-jesenice-2019\" target=\"_blank\" rel=\"noopener noreferrer\">Pokal mesta Jesenice 2019<\/a><\/p>\n<p><a href=\"https:\/\/mojalbum.com\/didl\/sankanje-pokal-domela-2019\" target=\"_blank\" rel=\"noopener noreferrer\">Pokal Domela 2019<\/a><\/p>\n<p><a href=\"https:\/\/mojalbum.com\/didl\/sankanje-pri-bergdoktorju-malo-drugace\" target=\"_blank\" rel=\"noopener noreferrer\">Bergdoktor 2018<\/a><\/p>\n<p><a href=\"https:\/\/mojalbum.com\/didl\/sankanje-evropsko-roro-prvenstvo-2018\" target=\"_blank\" rel=\"noopener noreferrer\">VN Evrope in Evropsko prvenstvo 2018<\/a><\/p>\n<p><a href=\"https:\/\/mojalbum.com\/didl\/sankanje-idrijsko-mestno-igrisce\" target=\"_blank\" rel=\"noopener noreferrer\">Idrijsko Mestno igri\u0161\u010de<\/a><\/p>\n<p><a href=\"https:\/\/mojalbum.com\/didl\/sankanje-cro-gp-2018-lokve-hr\" target=\"_blank\" rel=\"noopener noreferrer\">Croatia Grand Prix 2018<\/a><\/p>\n<p><a href=\"https:\/\/mojalbum.com\/didl\/sankanje-zimska-sezona-2017-18\" target=\"_blank\" rel=\"noopener noreferrer\">Zimska sezona 2017\/18<\/a><\/p>\n<p><a href=\"http:\/\/www.saklub-idrija.si\/galerija.htm\" target=\"_blank\" rel=\"noopener noreferrer\">STARA GALERIJA<\/a><\/p>\n<p><a href=\"http:\/\/www.saklub-idrija.si\/Tehsan.htm\" target=\"_blank\" rel=\"noopener noreferrer\">Tehnika sankanja s \u0161portnimi sanmi<\/a><\/p>\n<h3>Video<\/h3>\n<p><a href=\"https:\/\/youtu.be\/EtxjkrBMk7Y\" target=\"_blank\" rel=\"noopener noreferrer\">Idrija Murauer Bier RoRo CUP 2017<\/a><\/p>\n<p><a href=\"https:\/\/youtu.be\/Jt-LXJJfTpU\" target=\"_blank\" rel=\"noopener noreferrer\">Urban OnBoard Taler 2013<\/a><\/p>\n<p><a href=\"http:\/\/www.youtube.com\/watch?v=o_XDJdByWpo&amp;feature=channel\" target=\"_blank\" rel=\"noopener noreferrer\">Didl OnBoard Taler 2010<\/a><\/p>\n<p><a href=\"http:\/\/www.youtube.com\/watch?v=FCeJRMZp3Us\" target=\"_blank\" rel=\"noopener noreferrer\">Nejc RoRo OnBoard od Babe 2008<\/a><\/p>\n<p><a href=\"http:\/\/www.youtube.com\/watch?v=Sg1vbtMBl0E\" target=\"_blank\" rel=\"noopener noreferrer\">Nejc OnBoard Taler 2007<\/a><\/p>\n<p><a href=\"http:\/\/www.youtube.com\/watch?v=HJoxkW_pjaU\" target=\"_blank\" rel=\"noopener noreferrer\">Didl OnBoard Taler 2007<\/a><\/p>\n<p><a href=\"http:\/\/www.saklub-idrija.si\/wp-content\/uploads\/2020\/01\/BannerDolNov.jpg\"><img loading=\"lazy\" decoding=\"async\" class=\"aligncenter size-full wp-image-1758\" src=\"http:\/\/www.saklub-idrija.si\/wp-content\/uploads\/2020\/01\/BannerDolNov.jpg\" alt=\"\" width=\"1582\" height=\"170\" srcset=\"http:\/\/www.saklub-idrija.si\/wp-content\/uploads\/2020\/01\/BannerDolNov.jpg 1582w, http:\/\/www.saklub-idrija.si\/wp-content\/uploads\/2020\/01\/BannerDolNov-300x32.jpg 300w, http:\/\/www.saklub-idrija.si\/wp-content\/uploads\/2020\/01\/BannerDolNov-1024x110.jpg 1024w, http:\/\/www.saklub-idrija.si\/wp-content\/uploads\/2020\/01\/BannerDolNov-768x83.jpg 768w, http:\/\/www.saklub-idrija.si\/wp-content\/uploads\/2020\/01\/BannerDolNov-1536x165.jpg 1536w, http:\/\/www.saklub-idrija.si\/wp-content\/uploads\/2020\/01\/BannerDolNov-370x40.jpg 370w, http:\/\/www.saklub-idrija.si\/wp-content\/uploads\/2020\/01\/BannerDolNov-1040x112.jpg 1040w\" sizes=\"(max-width: 1582px) 100vw, 1582px\" \/><\/a><\/p>\n","protected":false},"excerpt":{"rendered":"<p>Slovo Subaruju Finale RoRo Edlbach 2019 Svetovno in dr\u017eavno prvenstvo 2019 Imsterberg RoRo 2019 Croatia Grand Prix 2019 Croatia Open 2019 Jeseni\u0161ki Memorial 2019 Dr\u017eavno prvenstvo 2019 Pokal mesta Jesenice 2019 Pokal Domela 2019 Bergdoktor[&#8230;]<\/p>\n","protected":false},"author":2,"featured_media":0,"parent":0,"menu_order":0,"comment_status":"closed","ping_status":"closed","template":"","meta":{"footnotes":""},"_links":{"self":[{"href":"http:\/\/www.saklub-idrija.si\/index.php?rest_route=\/wp\/v2\/pages\/159"}],"collection":[{"href":"http:\/\/www.saklub-idrija.si\/index.php?rest_route=\/wp\/v2\/pages"}],"about":[{"href":"http:\/\/www.saklub-idrija.si\/index.php?rest_route=\/wp\/v2\/types\/page"}],"author":[{"embeddable":true,"href":"http:\/\/www.saklub-idrija.si\/index.php?rest_route=\/wp\/v2\/users\/2"}],"replies":[{"embeddable":true,"href":"http:\/\/www.saklub-idrija.si\/index.php?rest_route=%2Fwp%2Fv2%2Fcomments&post=159"}],"version-history":[{"count":22,"href":"http:\/\/www.saklub-idrija.si\/index.php?rest_route=\/wp\/v2\/pages\/159\/revisions"}],"predecessor-version":[{"id":1789,"href":"http:\/\/www.saklub-idrija.si\/index.php?rest_route=\/wp\/v2\/pages\/159\/revisions\/1789"}],"wp:attachment":[{"href":"http:\/\/www.saklub-idrija.si\/index.php?rest_route=%2Fwp%2Fv2%2Fmedia&parent=159"}],"curies":[{"name":"wp","href":"https:\/\/api.w.org\/{rel}","templated":true}]}}

<p><a href="https://mojalbum.com/didl/last-dance">Slovo Subaruju</a></p>
<p><a href="https://mojalbum.com/didl/sankanje-roro-finale-2019-edlbach" rel="noopener noreferrer">Finale RoRo Edlbach 2019</a></p>
<p><a href="https://mojalbum.com/didl/sankanje-sp-in-dp-roro-2019" rel="noopener noreferrer">Svetovno in državno prvenstvo 2019</a></p>
<p><a href="https://mojalbum.com/didl/sankanje-roro-2019-imsterberg">Imsterberg RoRo 2019</a></p>
<p><a href="https://mojalbum.com/didl/sankanje-cro-gp-2019-mrkopalj-hr" rel="noopener noreferrer">Croatia Grand Prix 2019</a></p>
<p><a href="https://mojalbum.com/didl/sankanje-croatia-open-2019" rel="noopener noreferrer">Croatia Open 2019</a></p>
<p><a href="https://mojalbum.com/didl/sankanje-memorial-jesenice-2019" target="_blank" rel="noopener noreferrer">Jeseniški Memorial 2019</a></p>
<p><a href="https://mojalbum.com/didl/sankanje-drzavno-prvenstvo-slovenije-2019" target="_blank" rel="noopener noreferrer">Državno prvenstvo 2019</a></p>
<p><a href="https://mojalbum.com/didl/sankanje-pokal-mesta-jesenice-2019" target="_blank" rel="noopener noreferrer">Pokal mesta Jesenice 2019</a></p>
<p><a href="https://mojalbum.com/didl/sankanje-pokal-domela-2019" target="_blank" rel="noopener noreferrer">Pokal Domela 2019</a></p>
<p><a href="https://mojalbum.com/didl/sankanje-pri-bergdoktorju-malo-drugace" target="_blank" rel="noopener noreferrer">Bergdoktor 2018</a></p>
<p><a href="https://mojalbum.com/didl/sankanje-evropsko-roro-prvenstvo-2018" target="_blank" rel="noopener noreferrer">VN Evrope in Evropsko prvenstvo 2018</a></p>
<p><a href="https://mojalbum.com/didl/sankanje-idrijsko-mestno-igrisce" target="_blank" rel="noopener noreferrer">Idrijsko Mestno igrišče</a></p>
<p><a href="https://mojalbum.com/didl/sankanje-cro-gp-2018-lokve-hr" target="_blank" rel="noopener noreferrer">Croatia Grand Prix 2018</a></p>
<p><a href="https://mojalbum.com/didl/sankanje-zimska-sezona-2017-18" target="_blank" rel="noopener noreferrer">Zimska sezona 2017/18</a></p>
<p><a href="http://www.saklub-idrija.si/galerija.htm" target="_blank" rel="noopener noreferrer">STARA GALERIJA</a></p>
<p><a href="http://www.saklub-idrija.si/Tehsan.htm" target="_blank" rel="noopener noreferrer">Tehnika sankanja s športnimi sanmi</a></p>
<h3>Video</h3>
<p><a href="https://youtu.be/EtxjkrBMk7Y" target="_blank" rel="noopener noreferrer">Idrija Murauer Bier RoRo CUP 2017</a></p>
<p><a href="https://youtu.be/Jt-LXJJfTpU" target="_blank" rel="noopener noreferrer">Urban OnBoard Taler 2013</a></p>
<p><a href="http://www.youtube.com/watch?v=o_XDJdByWpo&amp;feature=channel" target="_blank" rel="noopener noreferrer">Didl OnBoard Taler 2010</a></p>
<p><a href="http://www.youtube.com/watch?v=FCeJRMZp3Us" target="_blank" rel="noopener noreferrer">Nejc RoRo OnBoard od Babe 2008</a></p>
<p><a href="http://www.youtube.com/watch?v=Sg1vbtMBl0E" target="_blank" rel="noopener noreferrer">Nejc OnBoard Taler 2007</a></p>
<p><a href="http://www.youtube.com/watch?v=HJoxkW_pjaU" target="_blank" rel="noopener noreferrer">Didl OnBoard Taler 2007</a></p>
<p><a href="http://www.saklub-idrija.si/wp-content/uploads/2020/01/BannerDolNov.jpg"><img loading="lazy" decoding="async" class="aligncenter size-full wp-image-1758" src="http://www.saklub-idrija.si/wp-content/uploads/2020/01/BannerDolNov.jpg" alt="" width="1582" height="170" srcset="http://www.saklub-idrija.si/wp-content/uploads/2020/01/BannerDolNov.jpg 1582w, http://www.saklub-idrija.si/wp-content/uploads/2020/01/BannerDolNov-300x32.jpg 300w, http://www.saklub-idrija.si/wp-content/uploads/2020/01/BannerDolNov-1024x110.jpg 1024w, http://www.saklub-idrija.si/wp-content/uploads/2020/01/BannerDolNov-768x83.jpg 768w, http://www.saklub-idrija.si/wp-content/uploads/2020/01/BannerDolNov-1536x165.jpg 1536w, http://www.saklub-idrija.si/wp-content/uploads/2020/01/BannerDolNov-370x40.jpg 370w, http://www.saklub-idrija.si/wp-content/uploads/2020/01/BannerDolNov-1040x112.jpg 1040w" sizes="(max-width: 1582px) 100vw, 1582px" /></a></p>

<p>Slovo Subaruju Finale RoRo Edlbach 2019 Svetovno in državno prvenstvo 2019 Imsterberg RoRo 2019 Croatia Grand Prix 2019 Croatia Open 2019 Jeseniški Memorial 2019 Državno prvenstvo 2019 Pokal mesta Jesenice 2019 Pokal Domela 2019 Bergdoktor[&#8230;]</p>
