{"id":98,"date":"2018-03-01T21:28:00","date_gmt":"2018-03-01T21:28:00","guid":{"rendered":"http:\/\/www.saklub-idrija.si\/?page_id=98"},"modified":"2021-02-17T12:46:10","modified_gmt":"2021-02-17T12:46:10","slug":"organi-drustva","status":"publish","type":"page","link":"http:\/\/www.saklub-idrija.si\/?page_id=98","title":{"rendered":"ORGANI DRU\u0160TVA"},"content":{"rendered":"<h3>Izvoljeni na Ob\u010dnem zboru 24.3.2018<\/h3>\n<p><strong>Upravni odbor<\/strong><br \/>\nStanislav Koler- <strong>Predsednik dru\u0161tva<\/strong><br \/>\nDavid Velikanje \u2013 tajnik<br \/>\nEdi Jeram &#8211; blagajnik<br \/>\nNejc Gregora\u010d \u2013 \u010dlan<br \/>\nEdi Tratnik \u2013 \u010dlan<\/p>\n<p><strong>Nadzorni odbor<\/strong><br \/>\nRajko Bezeljak \u2013 predsednik<br \/>\nEvgen Likar \u2013 \u010dlan<br \/>\nSre\u010dko Gregora\u010d \u2013 \u010dlan<\/p>\n<p><strong>Disciplinska komisija<\/strong><br \/>\nKarmen Pi\u0161lar \u2013 predsednica<br \/>\nJana Gregora\u010d \u2013 \u010dlanica<br \/>\nAlenka \u017dnidar\u0161i\u010d \u2013 \u010dlanica<\/p>\n<p><a href=\"http:\/\/www.saklub-idrija.si\/?page_id=390\" target=\"_blank\" rel=\"noopener\">Podatki o dru\u0161tvu<\/a><\/p>\n<p><a href=\"http:\/\/www.saklub-idrija.si\/wp-content\/uploads\/2020\/01\/BannerDolNov.jpg\"><img loading=\"lazy\" decoding=\"async\" class=\"aligncenter size-full wp-image-1758\" src=\"http:\/\/www.saklub-idrija.si\/wp-content\/uploads\/2020\/01\/BannerDolNov.jpg\" alt=\"\" width=\"1582\" height=\"170\" srcset=\"http:\/\/www.saklub-idrija.si\/wp-content\/uploads\/2020\/01\/BannerDolNov.jpg 1582w, http:\/\/www.saklub-idrija.si\/wp-content\/uploads\/2020\/01\/BannerDolNov-300x32.jpg 300w, http:\/\/www.saklub-idrija.si\/wp-content\/uploads\/2020\/01\/BannerDolNov-1024x110.jpg 1024w, http:\/\/www.saklub-idrija.si\/wp-content\/uploads\/2020\/01\/BannerDolNov-768x83.jpg 768w, http:\/\/www.saklub-idrija.si\/wp-content\/uploads\/2020\/01\/BannerDolNov-1536x165.jpg 1536w, http:\/\/www.saklub-idrija.si\/wp-content\/uploads\/2020\/01\/BannerDolNov-370x40.jpg 370w, http:\/\/www.saklub-idrija.si\/wp-content\/uploads\/2020\/01\/BannerDolNov-1040x112.jpg 1040w\" sizes=\"(max-width: 1582px) 100vw, 1582px\" \/><\/a><\/p>\n","protected":false},"excerpt":{"rendered":"<p>Izvoljeni na Ob\u010dnem zboru 24.3.2018 Upravni odbor Stanislav Koler- Predsednik dru\u0161tva David Velikanje \u2013 tajnik Edi Jeram &#8211; blagajnik Nejc Gregora\u010d \u2013 \u010dlan Edi Tratnik \u2013 \u010dlan Nadzorni odbor Rajko Bezeljak \u2013 predsednik Evgen Likar[&#8230;]<\/p>\n","protected":false},"author":2,"featured_media":0,"parent":0,"menu_order":0,"comment_status":"closed","ping_status":"closed","template":"","meta":{"footnotes":""},"_links":{"self":[{"href":"http:\/\/www.saklub-idrija.si\/index.php?rest_route=\/wp\/v2\/pages\/98"}],"collection":[{"href":"http:\/\/www.saklub-idrija.si\/index.php?rest_route=\/wp\/v2\/pages"}],"about":[{"href":"http:\/\/www.saklub-idrija.si\/index.php?rest_route=\/wp\/v2\/types\/page"}],"author":[{"embeddable":true,"href":"http:\/\/www.saklub-idrija.si\/index.php?rest_route=\/wp\/v2\/users\/2"}],"replies":[{"embeddable":true,"href":"http:\/\/www.saklub-idrija.si\/index.php?rest_route=%2Fwp%2Fv2%2Fcomments&post=98"}],"version-history":[{"count":5,"href":"http:\/\/www.saklub-idrija.si\/index.php?rest_route=\/wp\/v2\/pages\/98\/revisions"}],"predecessor-version":[{"id":1785,"href":"http:\/\/www.saklub-idrija.si\/index.php?rest_route=\/wp\/v2\/pages\/98\/revisions\/1785"}],"wp:attachment":[{"href":"http:\/\/www.saklub-idrija.si\/index.php?rest_route=%2Fwp%2Fv2%2Fmedia&parent=98"}],"curies":[{"name":"wp","href":"https:\/\/api.w.org\/{rel}","templated":true}]}}

ORGANI DRUŠTVA

<h3>Izvoljeni na Občnem zboru 24.3.2018</h3>
<p><strong>Upravni odbor</strong><br />
Stanislav Koler- <strong>Predsednik društva</strong><br />
David Velikanje – tajnik<br />
Edi Jeram &#8211; blagajnik<br />
Nejc Gregorač – član<br />
Edi Tratnik – član</p>
<p><strong>Nadzorni odbor</strong><br />
Rajko Bezeljak – predsednik<br />
Evgen Likar – član<br />
Srečko Gregorač – član</p>
<p><strong>Disciplinska komisija</strong><br />
Karmen Pišlar – predsednica<br />
Jana Gregorač – članica<br />
Alenka Žnidaršič – članica</p>
<p><a href="http://www.saklub-idrija.si/?page_id=390" target="_blank" rel="noopener">Podatki o društvu</a></p>
<p><a href="http://www.saklub-idrija.si/wp-content/uploads/2020/01/BannerDolNov.jpg"><img loading="lazy" decoding="async" class="aligncenter size-full wp-image-1758" src="http://www.saklub-idrija.si/wp-content/uploads/2020/01/BannerDolNov.jpg" alt="" width="1582" height="170" srcset="http://www.saklub-idrija.si/wp-content/uploads/2020/01/BannerDolNov.jpg 1582w, http://www.saklub-idrija.si/wp-content/uploads/2020/01/BannerDolNov-300x32.jpg 300w, http://www.saklub-idrija.si/wp-content/uploads/2020/01/BannerDolNov-1024x110.jpg 1024w, http://www.saklub-idrija.si/wp-content/uploads/2020/01/BannerDolNov-768x83.jpg 768w, http://www.saklub-idrija.si/wp-content/uploads/2020/01/BannerDolNov-1536x165.jpg 1536w, http://www.saklub-idrija.si/wp-content/uploads/2020/01/BannerDolNov-370x40.jpg 370w, http://www.saklub-idrija.si/wp-content/uploads/2020/01/BannerDolNov-1040x112.jpg 1040w" sizes="(max-width: 1582px) 100vw, 1582px" /></a></p>

<p>Izvoljeni na Občnem zboru 24.3.2018 Upravni odbor Stanislav Koler- Predsednik društva David Velikanje – tajnik Edi Jeram &#8211; blagajnik Nejc Gregorač – član Edi Tratnik – član Nadzorni odbor Rajko Bezeljak – predsednik Evgen Likar[&#8230;]</p>
